uppose -5*g + 47 = -i. What is the units digit of g?
7
Let m = -240 - -1482. What is the thousands digit of m?
1
What is the hundreds digit of 6 - (7 - 10105)/9?
1
Let s(p) = 2*p - 5. Let q be s(0). Let y(z) = 6*z**2 + 9. What is the hundreds digit of y(q)?
1
What is the tens digit of (-140)/(-18) - 8 - (-122770)/45?
2
Suppose 5*c + 244 - 919 = 0. What is the units digit of c?
5
Suppose -773 = -5*a + 3387. What is the hundreds digit of a?
8
Suppose -n + 63 = 5. Let i = -30 + n. What is the tens digit of i?
2
Let r(f) = 5*f**2 - 7*f + 1. Let t be r(3). Suppose -5*q - 5*p + 675 = 0, -2*p + 7*p - t = 0. What is the hundreds digit of q?
1
What is the tens digit of (-218436)/109*(-14)/8?
0
Suppose 4*l = 3*q - 31, q - 2 + 13 = -4*l. Suppose -5*m - 5*s + 185 = 0, -q*s - 53 = -3*m + 82. Suppose -m - 36 = -4*x. What is the tens digit of x?
1
Let z = 11 + -9. What is the tens digit of -6 - -5 - z*-19?
3
Suppose 5*k - 5*l = 1705, l - 668 - 375 = -3*k. Suppose -4*n + 3*y = n - k, 138 = 2*n - y. What is the tens digit of (11 + -14)/((-6)/n)?
3
Let w(v) = 3*v + 25. Let c be w(-6). Let a(s) = s**2 + s + 15. What is the units digit of a(c)?
1
Suppose 4*x = 2*k + 14, 3*x - 4*k = -7*k + 15. Suppose -2*r - x*s + 158 = 0, 4*r - 229 = r - 4*s. What is the tens digit of r?
7
Let t(k) = -19*k + 173. What is the tens digit of t(7)?
4
Suppose -v + 12 + 9 = 0. Suppose -3*z - v = -6*z. Suppose m - 4 = z. What is the tens digit of m?
1
Let z = 11 + -7. Suppose -i + 5*o + 57 = 0, 4*o = z*i + 3*o - 171. What is the tens digit of i?
4
Suppose -4*j + k - 3*k + 1258 = 0, 2*j - 3*k = 617. What is the units digit of j?
3
Let f(o) = 2*o - 3. Let i be f(11). Suppose 2*a - 8 = -l, 4 + i = 5*a + l. Suppose 2*g - 5 = 5*c - 3*g, a*g = 10. What is the units digit of c?
1
Let m = -11 + -14. Let v = m + 36. Suppose 0 + v = l. What is the units digit of l?
1
Let c(s) = -936*s + 161. What is the hundreds digit of c(-3)?
9
Let i(c) = 1961 + 5*c + 0*c**3 - 1946 - 7*c**2 + c**3. What is the hundreds digit of i(9)?
2
Suppose 114 + 102 = -8*q. What is the units digit of (95 - -4)*3/q*-3?
3
Let f(b) = -10*b - 1. Let i(a) = a**2 - 15*a - 12. Let z be i(16). Let r be -6 - (-12)/(z - 0). What is the units digit of f(r)?
9
Suppose 0 = -34*m - 52*m + 203046. What is the thousands digit of m?
2
Let h(t) = t**2 - 6*t + 8. Let s be h(4). What is the units digit of 44 - (3/(-3) + s)?
5
Let i(z) = 948*z**2 - 11*z + 12. What is the hundreds digit of i(1)?
9
Let g = -311 + 366. Let q be (-127)/(-2) + (-2)/4. Suppose q + g = 2*h. What is the units digit of h?
9
Suppose d + d - 4*z - 32 = 0, -4*z + 64 = 2*d. Suppose -2*s - 4*s = -d. What is the units digit of s?
4
Suppose 4*y + 2*o - 6*o = 1228, 3*o = 2*y - 611. Let x = y + -142. Suppose -12 = -3*v, -4*g + x = -4*v - v. What is the tens digit of g?
4
Let i(d) = -34*d + 23. Let y be i(-8). Let l be 4 + (-5)/((-25)/y). What is the tens digit of (-76)/7*l/(-18)?
3
Suppose 64*b - 59*b = 905. What is the units digit of b?
1
Let t = 2457 + -1341. What is the thousands digit of t?
1
Let j(z) = -69*z - 3. Let t be j(-1). Let i be (t - 9) + (-8)/(-2). Let l = 112 - i. What is the tens digit of l?
5
Let l(q) = -42*q - 46. What is the hundreds digit of l(-11)?
4
Suppose 12*i - 71*i = -9735. What is the tens digit of i?
6
Suppose 0 = 5*r + 5*r - 3050. What is the hundreds digit of r?
3
Let v(t) = -t**2 - 7*t - 5. Let z be v(-6). Suppose -o - z = 8. Let d(m) = m**2 + 8*m - 7. What is the units digit of d(o)?
2
Suppose 233 + 49 = -5*c + 4*d, -4*c + 3*d - 225 = 0. What is the tens digit of (4/6)/(-2 + (-111)/c)?
1
Suppose 4*u + 206 = y - 6*y, 0 = 4*u + 16. Let r = -16 + y. What is the units digit of (r/(-1) - 3)/1?
1
Let b be 6/3 - (21 - 2). Let t = -14 - b. Suppose m - 3*s - 32 = 0, -104 = -8*m + t*m + s. What is the units digit of m?
0
What is the tens digit of (2/(-4))/(1/(-674))?
3
Suppose 2*j + 1 = 2*b + 9, 2*j - 4*b - 8 = 0. Suppose -j*q = 8 - 28. Suppose 24 = z - q*o, o - 6 = 4*o. What is the units digit of z?
4
Suppose 0 = -25*h - 45*h + 171570. What is the units digit of h?
1
Let m = -191 + 234. What is the tens digit of m?
4
Let i be 12*((-117)/(-12) + -4 + -1). Suppose 35*m = 38*m - i. What is the tens digit of m?
1
Let o = 340 - 262. What is the tens digit of o?
7
Suppose -2*y - 2*n = -5*n + 195, -y - 91 = 5*n. Let f = 99 + y. What is the units digit of f?
3
Let d = 32 + -14. Let l = d - 13. Suppose 51 = 3*c + 3*w, l*w - 6 = 9. What is the units digit of c?
4
Suppose -10*l + 14*l = 208. What is the units digit of l?
2
Let j = 126 + 451. What is the tens digit of j?
7
Let w(f) = 3*f**2 + 46*f + 25. What is the tens digit of w(-18)?
6
Let h(x) = x**2 - x + 4. Suppose -6*f + f + 20 = 0. Let b be 1 + (-3)/(12/f). What is the units digit of h(b)?
4
Let u(g) = -g**2 + g + 1. Let v(f) = 47*f**2 + 10*f + 3. Let k(z) = -3*u(z) + v(z). What is the hundreds digit of k(-2)?
1
What is the tens digit of 42/6 - -605 - 3?
0
Suppose -3*z - 3*x = 6, 0*z - 2*x - 10 = -z. What is the tens digit of z*(-12)/2*(-2 + 0)?
2
Let x(b) = -5*b**2 + 3*b - 2. Let f be x(3). Let z = f + 86. What is the units digit of ((-3)/4)/((-4)/z)?
9
Let j(i) = 14*i**2 - 93*i - 31. What is the tens digit of j(19)?
5
Suppose -3*z + 4*s = -1585, -2*z + 4*z + 4*s = 1070. Suppose -10*a + z + 1569 = 0. What is the tens digit of a?
1
Suppose 11 = 4*f - 69. Let z = 25 + -22. Suppose -4*a + 4*x + 27 = z, -5*x = -f. What is the tens digit of a?
1
Suppose 3961 = 158*g - 157*g. What is the units digit of g?
1
Let t(j) be the third derivative of j**7/1260 - j**6/90 - 2*j**5/15 + 7*j**2. Let x(p) be the third derivative of t(p). What is the units digit of x(7)?
0
Let d = 29 + -20. Let f be 22/(-99) - (-65)/d. What is the units digit of (-59)/(-3) + f/21?
0
Suppose 0 = 10*a - 144 - 536. Suppose 0 = g + a - 366. What is the tens digit of g?
9
Let y = -117 + 53. Let a = 160 + y. What is the tens digit of a?
9
Let h = 63 - 61. Let v = 51 - h. What is the tens digit of v?
4
Let l = 101 + 82. What is the units digit of l?
3
Suppose -141*c + 143*c - 1014 = 0. What is the tens digit of c?
0
Suppose p - 5 - 20 = -4*b, 3*p = b + 10. What is the hundreds digit of b/(-15)*3 - -142?
1
Suppose -43*v + 48978 = -16*v. What is the units digit of v?
4
Suppose 3*t = -t - 3*n + 223, -4*n = -20. Suppose 2*l + x = -l + t, -3*x + 12 = 0. Suppose l = 4*u - 4. What is the units digit of u?
5
Suppose -2*b + 382 = -3*x, 0 = 2*x + b - 0*b + 250. Let z = -238 - x. What is the tens digit of (-4)/(-14) + (-2544)/z?
2
Let i(l) = -3*l**2 - 35*l + 5. What is the hundreds digit of i(-5)?
1
Let j = -3896 - -6281. What is the tens digit of j?
8
Suppose -6361 = -4*c + 3*g, -10*c - 2*g + 7957 = -5*c. What is the thousands digit of c?
1
Let l(u) = -2*u**3 - 6*u**2 - 17*u + 3. Suppose -3*c + 11 = 23. What is the units digit of l(c)?
3
Let l be (4 + -3)*1 - -20. Let n be 4/6 - l/(-9). Suppose 0 = -b + n*b - v - 84, 5*b - 212 = 2*v. What is the units digit of b?
4
Suppose 0*k + a - 10 = 3*k, -4*k - 16 = -2*a. Let y be (-2)/(k*4/12). Suppose -y*o = -b - 137, -b = -3*b - 10. What is the tens digit of o?
4
Let d(i) = i**3 - 7*i**2 - 11*i - 7. Let k be d(8). Let a = 62 - 149. Let l = k - a. What is the tens digit of l?
5
Let j(m) be the third derivative of 11*m**5/30 - m**4/24 + m**3/3 + 11*m**2. What is the tens digit of j(1)?
2
Let r(x) be the first derivative of 2*x**3 - 5*x**2/2 - 4*x - 19. What is the tens digit of r(4)?
7
Let x = -8 + 16. Suppose -2*v = -3*v + 4*m + x, -7 = -v + 3*m. Suppose -2*b + 46 = v*g, -3 + 0 = -3*g. What is the tens digit of b?
2
Suppose f - 34 = 4*r - 15, 2*r - 13 = -f. What is the units digit of (-2 - (4 - f))*19?
1
Suppose -b + w - 18 = -4*w, 0 = 3*b + 3*w - 36. Let l be b + 1 + -4 - 0. Suppose 2 = -2*r + l*x, -3*r + x + 27 = 5*x. What is the units digit of r?
5
Suppose 5*x + 6 - 31 = 0. Let j(o) = o + 39. Let z be j(20). Suppose 0 = x*l - k - 35 - z, -3*l = 5*k - 62. What is the units digit of l?
9
Let l(t) = t**3 - 26*t**2 - 112*t - 8. What is the hundreds digit of l(30)?
2
Suppose -4*u - 4*g = -32, -g = -4*u - 2*g + 29. Let c = u - 16. What is the units digit of (c/6)/((-2)/4)?
3
Suppose 17*r - 17771 = -3933. What is the units digit of r?
4
Suppose -4*q = -3*d - 69, 75 = 3*q + q - 5*d. Let s(f) = f**2 - 9*f - 19. What is th